{"id":218,"date":"2016-02-23T16:04:22","date_gmt":"2016-02-23T16:04:22","guid":{"rendered":"http:\/\/ovoda.csillagberek.hu\/?page_id=218"},"modified":"2017-11-13T17:58:26","modified_gmt":"2017-11-13T17:58:26","slug":"hitvallasunk","status":"publish","type":"page","link":"https:\/\/ovoda.csillagberek.hu\/?page_id=218","title":{"rendered":"Hitvall\u00e1sunk"},"content":{"rendered":"<p>A gyermeknevel\u00e9sre \u00fagy r\u00e1tekinteni, mint egy m\u0171v\u00e9szeti folyamatra \u2013 ezt lehet hitvall\u00e1snak nevezni.\u00a0Tisztelni a gyermek emberi m\u00e9lt\u00f3s\u00e1g\u00e1t \u00fagy, hogy nem szab\u00e1lyokat \u00e9s tilalmakat mutatunk nekik, hanem m\u0171v\u00e9szi er\u0151kkel \u00e1thatott egy\u00fctt\u00e9l\u00e9st. Nevelni az\u00e1ltal, hogy nyitott megfigyel\u00e9ssel, el\u0151\u00edt\u00e9let n\u00e9lk\u00fcl, a gyermekek sz\u00fcks\u00e9gleteib\u0151l fakad\u00f3 k\u00e9r\u00e9seket meg\u00e9rtj\u00fck. A pedag\u00f3giai, fejleszt\u0151 munk\u00e1nk alapelve megk\u00edv\u00e1nja, hogy szeretetteljes mintak\u00e9p\u00fcl szolg\u00e1l\u00f3 tev\u00e9kenys\u00e9geket mutassunk. A gyermekek testi, lelki, szellemi sokoldal\u00fa fejleszt\u00e9s\u00e9ben, fejl\u0151d\u00e9s\u00e9ben egy\u00e9ni \u00e9retts\u00e9g\u00fck, sz\u00fcks\u00e9gleteik szerint k\u00edv\u00e1njuk k\u00eds\u00e9rni \u0151ket. A cselekv\u00e9s, az \u00e9rz\u00e9s \u00e9s a gondolkod\u00e1s fejl\u0151d\u00e9s\u00e9ben tapintatos vezet\u00e9ssel igyeksz\u00fcnk elker\u00fclni a t\u00falterhel\u00e9st, az id\u0151 el\u0151tti absztrakt, verb\u00e1lis, \u00e9s intellektu\u00e1lis behat\u00e1sokat. Elv\u00e1r\u00e1sok helyett \u00e9rzelmi biztons\u00e1got, v\u00e9detts\u00e9get szeretn\u00e9nk ny\u00fajtani. \u00d6lel\u0151 karr\u00e1 k\u00edv\u00e1nunk lenni, mint egy v\u00e9delmez\u0151 burok, ami \u00e9rzelmi biztons\u00e1got ad. Olyan kereteket, ritmusokat szeretn\u00e9nk k\u00f6zvet\u00edteni, ami \u00e1ttekinthet\u0151v\u00e9 teszi a gyermekek sz\u00e1m\u00e1ra a vil\u00e1got.<\/p>\n<p><a href=\"https:\/\/ovoda.csillagberek.hu\/wp-content\/uploads\/2016\/02\/repcsi.jpg\"><img loading=\"lazy\" class=\"size-medium wp-image-549 aligncenter\" src=\"https:\/\/ovoda.csillagberek.hu\/wp-content\/uploads\/2016\/02\/repcsi-632x356.jpg\" alt=\"\" width=\"632\" height=\"356\" srcset=\"https:\/\/ovoda.csillagberek.hu\/wp-content\/uploads\/2016\/02\/repcsi-632x356.jpg 632w, https:\/\/ovoda.csillagberek.hu\/wp-content\/uploads\/2016\/02\/repcsi-624x351.jpg 624w, https:\/\/ovoda.csillagberek.hu\/wp-content\/uploads\/2016\/02\/repcsi.jpg 720w\" sizes=\"(max-width: 632px) 100vw, 632px\" \/><\/a><\/p>\n","protected":false},"excerpt":{"rendered":"<p>A gyermeknevel\u00e9sre \u00fagy r\u00e1tekinteni, mint egy m\u0171v\u00e9szeti folyamatra \u2013 ezt lehet hitvall\u00e1snak nevezni.\u00a0Tisztelni a gyermek emberi m\u00e9lt\u00f3s\u00e1g\u00e1t \u00fagy, hogy nem szab\u00e1lyokat \u00e9s tilalmakat mutatunk nekik, hanem m\u0171v\u00e9szi er\u0151kkel \u00e1thatott egy\u00fctt\u00e9l\u00e9st. Nevelni az\u00e1ltal, hogy nyitott megfigyel\u00e9ssel, el\u0151\u00edt\u00e9let n\u00e9lk\u00fcl, a gyermekek sz\u00fcks\u00e9gleteib\u0151l fakad\u00f3 k\u00e9r\u00e9seket meg\u00e9rtj\u00fck. A pedag\u00f3giai, fejleszt\u0151 munk\u00e1nk alapelve megk\u00edv\u00e1nja, hogy szeretetteljes mintak\u00e9p\u00fcl szolg\u00e1l\u00f3 tev\u00e9kenys\u00e9geket mutassunk. [&hellip;]<\/p>\n","protected":false},"author":6,"featured_media":0,"parent":123,"menu_order":2,"comment_status":"closed","ping_status":"closed","template":"","meta":[],"_links":{"self":[{"href":"https:\/\/ovoda.csillagberek.hu\/index.php?rest_route=\/wp\/v2\/pages\/218"}],"collection":[{"href":"https:\/\/ovoda.csillagberek.hu\/index.php?rest_route=\/wp\/v2\/pages"}],"about":[{"href":"https:\/\/ovoda.csillagberek.hu\/index.php?rest_route=\/wp\/v2\/types\/page"}],"author":[{"embeddable":true,"href":"https:\/\/ovoda.csillagberek.hu\/index.php?rest_route=\/wp\/v2\/users\/6"}],"replies":[{"embeddable":true,"href":"https:\/\/ovoda.csillagberek.hu\/index.php?rest_route=%2Fwp%2Fv2%2Fcomments&post=218"}],"version-history":[{"count":4,"href":"https:\/\/ovoda.csillagberek.hu\/index.php?rest_route=\/wp\/v2\/pages\/218\/revisions"}],"predecessor-version":[{"id":550,"href":"https:\/\/ovoda.csillagberek.hu\/index.php?rest_route=\/wp\/v2\/pages\/218\/revisions\/550"}],"up":[{"embeddable":true,"href":"https:\/\/ovoda.csillagberek.hu\/index.php?rest_route=\/wp\/v2\/pages\/123"}],"wp:attachment":[{"href":"https:\/\/ovoda.csillagberek.hu\/index.php?rest_route=%2Fwp%2Fv2%2Fmedia&parent=218"}],"curies":[{"name":"wp","href":"https:\/\/api.w.org\/{rel}","templated":true}]}}